or of 21 and x.
3
Suppose -y - 4*x = 14, 2*y + 3*x = 2*x. Suppose -270*t = -297*t + 360 + 234. Calculate the highest common factor of t and y.
2
Suppose -3*u - 7*u = -193 - 3707. Calculate the highest common factor of 2190 and u.
30
Suppose 11*b - 8666 = -8*b - 306. Calculate the highest common divisor of 530 and b.
10
Let b be (-48)/80*765/(-27). What is the highest common divisor of 1241 and b?
17
Suppose 17557*y = 17553*y + 2040. Calculate the greatest common factor of 520 and y.
10
Suppose -t = 4*w - 9 - 7, 3*t = 0. Suppose w*a + 543 = 1631. What is the greatest common factor of a and 68?
68
Suppose 5156 = 54*t + 782. Calculate the greatest common factor of t and 3.
3
Let k be (181 - -1) + -2 - -2. Let r = -15069 + 15097. Calculate the greatest common factor of k and r.
14
Let r(k) = -3*k - 6. Let c(n) = 8*n + 19. Let z = 87 - 70. Let o(x) = z*r(x) + 6*c(x). Let j be o(-1). What is the greatest common factor of 30 and j?
15
Suppose 5*d + 3*n - 7253 + 2091 = 0, 0 = 5*d - 5*n - 5130. Suppose 13281*k = 13283*k + 2*x - 6, -3*x = k + 11. What is the greatest common factor of k and d?
10
Let m(t) = 282*t - 17. Let j be m(7). Calculate the greatest common factor of j and 38.
19
Suppose -27*y + 7104 = -3*y. Calculate the greatest common divisor of 925 and y.
37
Let n = -114 + 178. Let d be (8/(n/(-12)))/((-6)/8). What is the highest common factor of 96 and d?
2
Let m = 2108 - 2094. Let k = 175 + -98. Calculate the highest common factor of k and m.
7
Let v be 1*12*(-9 + 10). Let o = -7 - -1. Let j be ((16/o)/(-1))/(v/18). Calculate the greatest common divisor of 8 and j.
4
Let o = 251 - 234. Suppose 3528 = o*y - 8*y. Calculate the highest common divisor of y and 8.
8
Let c(t) = 60*t - 295. Let f(d) = -30*d + 145. Let i(h) = 6*c(h) + 11*f(h). Let m be i(7). Calculate the greatest common factor of 63 and m.
7
Let w(h) be the first derivative of -h**4/4 + 2*h**3 - 5*h**2/2 - 11*h - 19. Let a be w(5). Let x = a - -12. What is the greatest common factor of 1 and x?
1
Let w be 0 + (2 + 112 - -3). Let l be ((-426)/1)/(-2) + 2/(-1). Let h = l + -185. What is the highest common divisor of h and w?
13
Let z = -5 - -12. Let f(i) = 2 - 575*i - 1 + 592*i. Let v be f(2). What is the highest common factor of v and z?
7
Let f(b) be the third derivative of b**5/30 + 13*b**4/12 + 17*b**3 - 212*b**2. Let p be f(-6). What is the greatest common factor of 34 and p?
2
Let v be 14/49 + 12/7. Suppose -v*o - 348 = -4*h, 3*h + 5*o + 64 = 351. Let d be (-3)/(-4 + h/23). Calculate the greatest common factor of d and 253.
23
Let k be (-30 - (15 - 38))*(-13 - 0). What is the greatest common factor of k and 420?
7
Let d = -6886 - -8433. Calculate the highest common divisor of 51 and d.
17
Let g(m) = -9*m + 66. Let s be g(-2). Suppose -4*c = 4*q - s, 2*q - 48 = 6*c - 10*c. What is the greatest common divisor of q and 36?
18
Let g(q) = -3*q**2 - 68*q - 26. Let j be g(-22). Suppose -2590 = -5*r + 5*f, 5*r + 332 - 2926 = 4*f. Calculate the greatest common factor of r and j.
18
Suppose -117 = -2*d - 3*o, -2*o + 189 = -5*d + 529. Suppose -5*u = d - 141. What is the greatest common factor of u and 60?
15
Let t be (2068/(-154) - -14)*448. Calculate the highest common factor of 64 and t.
64
Suppose 543 = 25*i - 1382. Suppose 0 = 2*f - 9*f + i. Calculate the highest common divisor of 748 and f.
11
Let j(d) = d**2 - 42*d - 4. Let m be j(48). Calculate the highest common factor of 8 and m.
4
Suppose -24*y - 50509 = -340741. Calculate the highest common factor of y and 261.
87
Let o(g) = 5*g**3 + 4*g**2 - 7*g - 2. Suppose -3*r + 4*b = -14, -11 = 5*r + 3*b - 15. Let n be o(r). Calculate the greatest common divisor of n and 24.
8
Let s(p) = -p**2 - 14*p + 369. Let d be s(13). Calculate the greatest common factor of d and 573.
3
Suppose -z = o + 3*o - 49, -5*z - o = -302. Let u be ((-6)/(-3) - 4) + z/(-1). Let m be (u + -3)*(-3)/2. Calculate the highest common divisor of m and 11.
11
Let u(y) = -y**2 - 13*y + 13. Let z be u(-15). Let c(j) = -11*j - 155. Let f be c(z). Calculate the greatest common divisor of 4 and f.
4
Let c(o) = 2*o**3 - o**2. Let z be c(2). Let d(u) = -84*u + 528. Let h be d(5). Calculate the highest common factor of z and h.
12
Let j be (-3)/21 + 414/7. Suppose 0 = 3*i - r - 29 - 146, 4*r = i - 51. What is the highest common divisor of i and j?
59
Let q = -220 - -334. Let i = q + -93. Calculate the greatest common divisor of 14 and i.
7
Suppose 264 = 6*w - 2*w. Let o = 8242 + -8165. Calculate the highest common divisor of o and w.
11
Suppose 4*b = -h + 349, 3*b + 3*h = 8*h + 279. Let c = 10 - 10. Let n be c - (22 - -2)/(-3). Calculate the greatest common divisor of n and b.
8
Suppose 5*p + 40 = r, 4*p + 190 = 13*r + 5*p. Let b = 156 + -36. What is the greatest common factor of b and r?
15
Let w = -25 - -29. Let r be (2/(-6))/(5/(-60)*w). Calculate the greatest common divisor of 4 and r.
1
Let t = -6 + 10. Suppose 52*k - 370 = -5*k + 884. What is the highest common factor of t and k?
2
Let b = 840 - 698. Let f = b + 34. What is the highest common factor of f and 220?
44
Suppose 0 = 4*a + 11 - 23. Suppose 2*o + a*q = 2*q + 23, 0 = -3*o - 5*q + 31. Suppose 2*j - 252 = -j. What is the highest common factor of j and o?
12
Let o = 113 - 84. Let h(n) = -4*n + 125. Let g be h(o). Calculate the highest common divisor of 45 and g.
9
Let h = 4657 + -4362. What is the highest common divisor of h and 10?
5
Let k = 4708 - 2413. What is the highest common divisor of k and 102?
51
Suppose 0 = -0*d - 5*d + 5, 0 = 5*p + d - 161. Let r be -4 - p/(-2) - (2 - -1). What is the greatest common divisor of r and 57?
3
Let d(b) = -3*b**2 + 3*b - 9. Let l be d(5). Let z = -67 - l. Suppose 0 = -z*s - 2*s + 96. What is the greatest common divisor of 3 and s?
3
Suppose 3*r + 2*r = -4*f + 120, -f = 3*r - 65. Suppose 3*x = 203 - 143. Calculate the highest common factor of r and x.
20
Suppose 40 = 5*r - 13*z + 10*z, -5*z = r - 36. Let l(d) = -2*d + d + 82 - 72 + 3*d. Let y be l(17). Calculate the highest common divisor of y and r.
11
Let p = 262 - 242. Let c(s) = -3*s + 91. Let q be c(p). Calculate the highest common factor of q and 2.
1
Let l = 16 + 1403. What is the greatest common factor of l and 387?
129
Suppose 0 = -136*t + 215*t - 325480. What is the greatest common factor of t and 100?
20
Let b(s) = -2*s**2 + 145. Let v be b(0). Let z = 157 - v. Let d = 40 - 22. Calculate the highest common divisor of z and d.
6
Suppose 11*g - 63 - 41 = -5*j, 5*j + g = 64. What is the highest common divisor of j and 396?
12
Let f(r) = -43*r - 12. Let b(v) = 3*v**3 - 4*v**2 + 8*v - 4. Let j be b(3). Let a = -69 + j. Let m be f(a). Calculate the greatest common factor of m and 20.
20
Let u be 13/(-1)*(-5 - -3). Let j = -52 + 39. Let s be (-8)/(1 - (-15)/j). What is the highest common factor of s and u?
26
Suppose 2*j + 2*k + 88 = 0, -12 = 5*k + 3. Let y = j - -54. Suppose y*r - 12*r - 18 = 0. What is the greatest common divisor of r and 72?
18
Let n be -2 - (11 - 7)*(-53)/4. Let m = n - 51. Let x be (m + (272/(-12) - -1))*-6. Calculate the greatest common divisor of 26 and x.
26
Let x(u) = -3*u**2 + 253*u - 321. Let p be x(83). Calculate the highest common factor of p and 5269.
11
Suppose 152*k - 181*k = -87. Suppose 2*q = -3 + 7. Suppose u = 2*s - q*u - 17, 0 = -k*u - 3. What is the greatest common divisor of s and 49?
7
Let a(x) = x + 22. Let d be a(-12). Suppose d = 3*s + 4. What is the highest common factor of 14 and s?
2
Suppose w + 5516 = l, 3*l + 2*l - 27577 = 2*w. Suppose 17*a - l = 4685. What is the greatest common factor of 75 and a?
75
Suppose -5*j + j = 3*n - 24, -j + 5*n + 29 = 0. Suppose 6*f - 345 = -j*f. What is the highest common divisor of 851 and f?
23
Let z = 97 + -97. Suppose 2*j + z*j + 4*u = 32, -j - 4 = -3*u. Calculate the highest common divisor of j and 1.
1
Suppose 0 = -8*k + 70 + 10. Suppose -3*q = -g + 211, -4*g - k*q = -9*q - 805. What is the greatest common factor of 2 and g?
2
Suppose -t - 627 = -5*p, 16*p - 11*p - 621 = 3*t. What is the greatest common divisor of p and 198?
18
Let k = 1540 + 244. Suppose 3*q - 3 = 9, 2*q = -2*f + k. Let z be (f/15)/(2/10). What is the greatest common divisor of z and 37?
37
Suppose 5*c + 5*y = 170, 2*y = 4*c + 3*y - 133. Let x = 3570 - 3273. What is 